st common divisor of w and 364?
4
Suppose -m + 394 = 4*t - 3*m, 3*t - 263 = -5*m. Let k = 158540 - 158534. Calculate the greatest common divisor of k and t.
6
Suppose 0 = 3*o + 15*o - 18. Let q(c) = 580*c + 5. Let t be q(o). Calculate the greatest common divisor of t and 65.
65
Let y(q) = -q + 57. Let m be y(8). Let g = m + 19. Let s be ((-6)/4)/((-12)/272). What is the highest common factor of s and g?
34
Suppose -g + 365 = -226. Let y(d) = -2*d - 10. Let a be y(-7). Suppose 0 = 4*b - a*q - 33 - g, -5*q = -b + 156. What is the greatest common factor of b and 12?
12
Suppose -5*z + 4*z + 460 = -4*d, -3*z - 5*d = -1414. Let m be z/21*(34 - 27). What is the highest common divisor of 195 and m?
39
Let c(t) = -t**2 + 284*t - 2471. Let z be c(275). Let p be 90/(1 + 1) - 1. Calculate the greatest common factor of z and p.
4
Let o be -3*(-8)/(-5)*17110/(-177). Let p = o - 222. What is the highest common divisor of p and 22?
22
Let m(b) = 9*b**2 + 2*b - 17. Let a be m(-2). Calculate the greatest common divisor of a and 26100.
15
Let u be -3 + 12 + -15 - (-1 - (0 - -415)). What is the highest common factor of 3362 and u?
82
Let g be (6/7)/(-3) - ((-8814480)/(-399))/(-40). What is the greatest common factor of 72 and g?
24
Let d be (9 - 19396/39)*(-18)/10. Calculate the greatest common divisor of d and 6.
3
Suppose -4*s + 5*g - 3635 = -6*s, 4*s - 5*g - 7345 = 0. Calculate the greatest common factor of 84 and s.
6
Suppose s = -0*s + 70. Suppose 2*l - 41 = 3*x, -80*l - x = -79*l - 33. What is the highest common divisor of l and s?
14
Let y = -16202 - -17028. Calculate the highest common factor of 56 and y.
14
Let d be 19 - ((0 - 5) + 6). Suppose 47 + d = 13*z. Let c(i) = i**2 + 3*i + 3. Let y be c(-2). What is the greatest common factor of z and y?
1
Let b = 67 - 64. Suppose 3237 = 16*f - b*f. Suppose 2*m - 5*j = f, -2*m = 3*j - j - 214. Calculate the highest common factor of 14 and m.
14
Suppose -63*k = -45*k - 180. Let d = 537 - 267. What is the greatest common divisor of k and d?
10
Suppose -3591 = -62*s + 2609. What is the greatest common factor of s and 1850?
50
Suppose -4*r - 37 = -3*q + 3, -3*q + 20 = r. Let g be q/6 - (-153388)/186. What is the highest common factor of 14 and g?
14
Suppose 0 = -4*q + u + 147 + 1535, 0 = 2*q + 3*u - 834. Calculate the greatest common factor of 945 and q.
105
Let o be 274/4 - (-12)/8. Let x = 339 - 297. Calculate the highest common factor of x and o.
14
Suppose 5*s = 4*p - 16, -2*p + p + 4*s - 7 = 0. Suppose 12 = -p*i + 13*i. Let u = 19 + -7. What is the greatest common divisor of i and u?
3
Let v(t) be the second derivative of -85*t**3/6 - 101*t**2/2 + 2*t - 17. Let b be v(-7). Calculate the greatest common factor of 38 and b.
38
Suppose -4*o - 5*s - 20 = 0, s = -0*o - 2*o - 4. Let h be o + (-43)/(-3)*3. Suppose 6*u = 2731 + 107. What is the highest common divisor of u and h?
43
Let p be 8/18 + 274509/729. What is the highest common factor of 2987 and p?
29
Suppose -7*x + 6*x - 5*p + 22 = 0, -x - 4*p + 22 = 0. Let j be 128/(((-6)/16)/((-6)/2)). Let h = 1134 - j. Calculate the highest common divisor of h and x.
22
Suppose 2*i + 0*i - 229 = -g, -i + 132 = 4*g. Suppose 28*p - 1800 = -197*p. Calculate the greatest common divisor of p and i.
8
Let h be (-5)/20 - (3 - 26/8). Let l(w) = 2*w**2 - 7*w + 44. Let t be l(h). Calculate the greatest common factor of t and 110.
22
Suppose 574*p = 541*p + 302907. Calculate the highest common divisor of 201 and p.
67
Suppose -205 = -4*k + 103. Let a(h) = -11*h**3 + 57*h**2 - 7*h - 4. Let l be a(5). What is the greatest common factor of l and k?
11
Let c = -297 + 389. Let u = 168 + -99. Calculate the greatest common factor of u and c.
23
Suppose 109*z - 3*b = 104*z + 90, 4*b = -20. Calculate the highest common factor of z and 7935.
15
Let w(u) = 62*u. Let p be w(5). Let a(c) = 18*c**2 - 1819*c - 1729. Let r be a(102). Calculate the greatest common divisor of p and r.
5
Let s = 2887 + 283. What is the highest common divisor of s and 30?
10
Let a(h) = 104*h**2 + 2. Let o be a(-2). Let x be (-7)/((-7)/4)*11. What is the greatest common divisor of o and x?
22
Let n(h) = -h - 1. Let b be n(-8). Let m be -3 + 0 - -1*b. Suppose -m*w - 3*p + 98 + 1 = 0, 5*w - 130 = -5*p. What is the greatest common divisor of 21 and w?
21
Let y = 185 + -164. Calculate the greatest common divisor of y and 196.
7
Let b(p) = -p**3 + 113*p**2 - 326*p + 145. Let x be b(110). Calculate the highest common divisor of x and 795.
15
Let c be 232/812 + (992/7 - 1). Suppose -3*o + 3*n + c = 0, n - 6*n - 20 = 0. Calculate the greatest common factor of o and 43.
43
Suppose -250 = -23*u + 1038. Suppose -u + 331 = 11*a. Calculate the highest common divisor of a and 175.
25
Let w = -829 - -3204. Calculate the highest common divisor of w and 95.
95
Let b be (1/3)/((-2)/(-24)). Suppose -13*x - x + 9 = -131. What is the greatest common factor of x and b?
2
Let l = 10146 - 10133. Calculate the greatest common divisor of 26689 and l.
13
Suppose 0 = -5*d - 77 - 3. Let i be ((-30)/(-8))/3 - 12/d. Suppose -i*w - 5*n - 7 = -53, n = -2*w + 38. Calculate the highest common factor of 162 and w.
18
Let b(g) = 7*g + 41. Let c be b(13). Let k be (2 + 15/(-3))*-110. What is the highest common divisor of k and c?
66
Let p = 9075 + -9066. What is the greatest common divisor of 1521 and p?
9
Let o = -18 + 96. Suppose o*w - 79*w = -4*x + 178, -w + 2 = 0. Calculate the greatest common factor of x and 5.
5
Suppose -3*p = 9*p - 120. Let i(w) = -w + 5. Suppose 0 = 2*m + 5*a - 31, 0*a = 2*m + 4*a - 26. Let h be i(m). What is the highest common factor of p and h?
2
Let j = 9081 + -9073. Calculate the highest common factor of 31 and j.
1
Let z be 2/(24/44)*3 + -7. What is the greatest common divisor of 1720 and z?
4
Suppose 14*l - 7*l = 0. Suppose -32 = 23*p - 27*p + 2*j, p - 3*j - 8 = l. What is the greatest common factor of 512 and p?
8
Let r = 5732 + -3582. What is the highest common divisor of r and 400?
50
Let o(n) = 9*n - 60. Suppose 48*w - 40*w = 128. Let i be o(w). What is the highest common factor of 42 and i?
42
Let u = -73 - -80. Let m(r) = r**3 - 5*r**2 - 11*r + 20. Let y be m(u). What is the highest common factor of y and 205?
41
Suppose -72*f + 30*f = -33*f - 756. Calculate the greatest common factor of f and 156.
12
Let o be (1 - 3) + 5*(-12)/(-15). Suppose -j + 3 = 1. What is the greatest common factor of o and j?
2
Let o = 337 + -584. Let r = -232 - o. Calculate the highest common divisor of 105 and r.
15
Suppose -3*q - 138 = -234. Suppose -3*b - 5*g + 15 = -b, 5*b - 81 = 2*g. Let o = -7 + b. What is the greatest common factor of q and o?
8
Let d = 3 - -22. Let i(x) = 18*x**2 - 278*x - 1. Let l be i(17). What is the highest common factor of l and d?
25
Let g(a) = 3*a**3 - 2*a**2 + 3*a - 3. Let q be 5/10*(-4 - -8). Let x be g(q). What is the greatest common factor of 1 and x?
1
Suppose 69*l - 51745 = 70385. Calculate the greatest common divisor of 90 and l.
30
Let q = 94 - 155. Let p be 25/2*2*7. Let l = p + q. Calculate the greatest common factor of l and 285.
57
Let g(r) = -r**3 - 21*r**2 - 5*r - 77. Let a be g(-21). Suppose -a*i = -20*i - 280. What is the highest common divisor of i and 28?
7
Let g = 79 + -718. Let r = -575 - g. What is the highest common divisor of 4 and r?
4
Let y(c) = 688*c**3 + 11*c**2 - 12*c + 1. Let t be y(1). What is the greatest common factor of 304 and t?
16
Suppose -482 = 28*y + 3550. Let l = -135 - y. What is the highest common divisor of 72 and l?
9
Let a = 6993 + -433. Calculate the greatest common divisor of 160 and a.
160
Let i = -37 - -40. Suppose 2*o + 5*d - 16 = 0, 5*o + i*d - 24 = 2*o. Suppose 0 = q - o. What is the greatest common divisor of 80 and q?
8
Let d = 1675 - -3464. What is the highest common divisor of d and 9?
9
Let o be 1/6 + (4 - 3933/(-54)). Let b = -10 + 12. Let s = b - -5. What is the highest common factor of o and s?
7
Let x be (53 + -2 - 1) + 2. Suppose 0 = 4*j, 9*y + 20 = 14*y - 2*j - 2*j. Calculate the greatest common divisor of x and y.
4
Suppose -49 + 69 = -4*j. Let n(d) = -2*d**3 - 7*d**2 + 15*d + 15. Let q be n(j). Calculate the highest common factor of 165 and q.
15
Suppose -5*r + 560 = 3*j - 485, 0 = 4*j. Calculate the highest common divisor of 44 and r.
11
Let c(x)